{"id":27,"date":"2014-11-13T08:58:09","date_gmt":"2014-11-13T08:58:09","guid":{"rendered":"http:\/\/www.helgeland-oljeservice.no\/?page_id=27"},"modified":"2025-02-28T14:06:37","modified_gmt":"2025-02-28T13:06:37","slug":"smoreskjema","status":"publish","type":"page","link":"https:\/\/www.helgeland-oljeservice.no\/?page_id=27","title":{"rendered":"Sm\u00f8remidler"},"content":{"rendered":"\r\n<figure class=\"wp-block-gallery aligncenter columns-3 is-cropped wp-block-gallery-1 is-layout-flex wp-block-gallery-is-layout-flex\">\r\n<ul class=\"blocks-gallery-grid\">\r\n<li class=\"blocks-gallery-item\">\r\n<figure><img loading=\"lazy\" decoding=\"async\" width=\"1024\" height=\"576\" class=\"wp-image-260\" src=\"http:\/\/www.helgeland-oljeservice.no\/wp-content\/uploads\/2019\/07\/produktbilde-1024x576.jpg\" alt=\"\" data-id=\"260\" data-link=\"http:\/\/www.helgeland-oljeservice.no\/?attachment_id=260\" srcset=\"https:\/\/www.helgeland-oljeservice.no\/wp-content\/uploads\/2019\/07\/produktbilde-1024x576.jpg 1024w, https:\/\/www.helgeland-oljeservice.no\/wp-content\/uploads\/2019\/07\/produktbilde-300x169.jpg 300w, https:\/\/www.helgeland-oljeservice.no\/wp-content\/uploads\/2019\/07\/produktbilde-768x432.jpg 768w\" sizes=\"auto, (max-width: 1024px) 100vw, 1024px\" \/><\/figure>\r\n<\/li>\r\n<li class=\"blocks-gallery-item\">\r\n<figure><img loading=\"lazy\" decoding=\"async\" width=\"1024\" height=\"576\" class=\"wp-image-263\" src=\"http:\/\/www.helgeland-oljeservice.no\/wp-content\/uploads\/2019\/07\/produktbilde-1-1024x576.jpg\" alt=\"\" data-id=\"263\" data-link=\"http:\/\/www.helgeland-oljeservice.no\/?attachment_id=263\" srcset=\"https:\/\/www.helgeland-oljeservice.no\/wp-content\/uploads\/2019\/07\/produktbilde-1-1024x576.jpg 1024w, https:\/\/www.helgeland-oljeservice.no\/wp-content\/uploads\/2019\/07\/produktbilde-1-300x169.jpg 300w, https:\/\/www.helgeland-oljeservice.no\/wp-content\/uploads\/2019\/07\/produktbilde-1-768x432.jpg 768w\" sizes=\"auto, (max-width: 1024px) 100vw, 1024px\" \/><\/figure>\r\n<\/li>\r\n<li class=\"blocks-gallery-item\">\r\n<figure><img loading=\"lazy\" decoding=\"async\" width=\"1024\" height=\"576\" class=\"wp-image-264\" src=\"http:\/\/www.helgeland-oljeservice.no\/wp-content\/uploads\/2019\/07\/produktbilde2-1024x576.jpg\" alt=\"\" data-id=\"264\" data-link=\"http:\/\/www.helgeland-oljeservice.no\/?attachment_id=264\" srcset=\"https:\/\/www.helgeland-oljeservice.no\/wp-content\/uploads\/2019\/07\/produktbilde2-1024x576.jpg 1024w, https:\/\/www.helgeland-oljeservice.no\/wp-content\/uploads\/2019\/07\/produktbilde2-300x169.jpg 300w, https:\/\/www.helgeland-oljeservice.no\/wp-content\/uploads\/2019\/07\/produktbilde2-768x432.jpg 768w\" sizes=\"auto, (max-width: 1024px) 100vw, 1024px\" \/><\/figure>\r\n<\/li>\r\n<li class=\"blocks-gallery-item\">\r\n<figure><img loading=\"lazy\" decoding=\"async\" width=\"1024\" height=\"576\" class=\"wp-image-265\" src=\"http:\/\/www.helgeland-oljeservice.no\/wp-content\/uploads\/2019\/07\/produktbilde3-1024x576.jpg\" alt=\"\" data-id=\"265\" data-link=\"http:\/\/www.helgeland-oljeservice.no\/?attachment_id=265\" srcset=\"https:\/\/www.helgeland-oljeservice.no\/wp-content\/uploads\/2019\/07\/produktbilde3-1024x576.jpg 1024w, https:\/\/www.helgeland-oljeservice.no\/wp-content\/uploads\/2019\/07\/produktbilde3-300x169.jpg 300w, https:\/\/www.helgeland-oljeservice.no\/wp-content\/uploads\/2019\/07\/produktbilde3-768x432.jpg 768w\" sizes=\"auto, (max-width: 1024px) 100vw, 1024px\" \/><\/figure>\r\n<\/li>\r\n<li class=\"blocks-gallery-item\">\r\n<figure><img loading=\"lazy\" decoding=\"async\" width=\"1024\" height=\"576\" class=\"wp-image-266\" src=\"http:\/\/www.helgeland-oljeservice.no\/wp-content\/uploads\/2019\/07\/produktbilde4-1024x576.jpg\" alt=\"\" data-id=\"266\" data-link=\"http:\/\/www.helgeland-oljeservice.no\/?attachment_id=266\" srcset=\"https:\/\/www.helgeland-oljeservice.no\/wp-content\/uploads\/2019\/07\/produktbilde4-1024x576.jpg 1024w, https:\/\/www.helgeland-oljeservice.no\/wp-content\/uploads\/2019\/07\/produktbilde4-300x169.jpg 300w, https:\/\/www.helgeland-oljeservice.no\/wp-content\/uploads\/2019\/07\/produktbilde4-768x432.jpg 768w\" sizes=\"auto, (max-width: 1024px) 100vw, 1024px\" \/><\/figure>\r\n<\/li>\r\n<\/ul>\r\n<\/figure>\r\n\r\n<p style=\"padding-left: 40px;\">Helgeland Oljeservice er import\u00f8r av Motul sm\u00f8remidler til Norge.<\/p>\r\n<p style=\"padding-left: 40px;\">Vi lagerf\u00f8rer oljeprodukter fra Motul og Texaco<\/p>\r\n<p>FINN RETT OLJE TIL DITT KJ\u00d8RET\u00d8Y:<\/p>\r\n<p><a href=\"https:\/\/www.motul.com\/no\/no\/lubricants\" target=\"_blank\" rel=\"noopener noreferrer\"><img loading=\"lazy\" decoding=\"async\" class=\"alignnone wp-image-248 \" src=\"http:\/\/www.helgeland-oljeservice.no\/wp-content\/uploads\/2019\/07\/Motul_Logo-1-300x81.jpg\" alt=\"Motu logo\" width=\"278\" height=\"75\" srcset=\"https:\/\/www.helgeland-oljeservice.no\/wp-content\/uploads\/2019\/07\/Motul_Logo-1-300x81.jpg 300w, https:\/\/www.helgeland-oljeservice.no\/wp-content\/uploads\/2019\/07\/Motul_Logo-1-768x207.jpg 768w, https:\/\/www.helgeland-oljeservice.no\/wp-content\/uploads\/2019\/07\/Motul_Logo-1-1024x276.jpg 1024w, https:\/\/www.helgeland-oljeservice.no\/wp-content\/uploads\/2019\/07\/Motul_Logo-1.jpg 1500w\" sizes=\"auto, (max-width: 278px) 100vw, 278px\" \/><\/a>\u00a0 \u00a0 \u00a0 \u00a0 \u00a0 \u00a0 \u00a0 \u00a0 \u00a0 \u00a0 \u00a0 <a href=\"https:\/\/olje.unox.no\/\" target=\"_blank\" rel=\"noopener noreferrer\"><img loading=\"lazy\" decoding=\"async\" class=\"alignnone wp-image-253\" src=\"http:\/\/www.helgeland-oljeservice.no\/wp-content\/uploads\/2019\/07\/texaco-logo3-300x81.png\" alt=\"Texaco logo\" width=\"277\" height=\"75\" srcset=\"https:\/\/www.helgeland-oljeservice.no\/wp-content\/uploads\/2019\/07\/texaco-logo3-300x81.png 300w, https:\/\/www.helgeland-oljeservice.no\/wp-content\/uploads\/2019\/07\/texaco-logo3.png 388w\" sizes=\"auto, (max-width: 277px) 100vw, 277px\" \/><\/a><\/p>","protected":false},"excerpt":{"rendered":"<div class=\"entry-summary\">\n<div class=\"entry-summary\">\nHelgeland Oljeservice er import\u00f8r av Motul sm\u00f8remidler til Norge. Vi lagerf\u00f8rer oljeprodukter fra Motul og Texaco FINN RETT OLJE TIL DITT KJ\u00d8RET\u00d8Y: \u00a0 \u00a0 \u00a0 \u00a0 \u00a0 \u00a0 \u00a0 \u00a0 \u00a0 \u00a0 \u00a0\n<\/div>\n<div class=\"link-more\"><a href=\"https:\/\/www.helgeland-oljeservice.no\/?page_id=27\" class=\"more-link\">Continue reading<span class=\"screen-reader-text\"> &ldquo;Sm\u00f8remidler&rdquo;<\/span>&hellip;<\/a><\/div>\n<\/div>\n<div class=\"link-more\"><a href=\"https:\/\/www.helgeland-oljeservice.no\/?page_id=27\" class=\"more-link\">Continue reading<span class=\"screen-reader-text\"> &ldquo;Sm\u00f8remidler&rdquo;<\/span>&hellip;<\/a><\/div>\n","protected":false},"author":7,"featured_media":0,"parent":283,"menu_order":1,"comment_status":"closed","ping_status":"closed","template":"","meta":{"footnotes":""},"class_list":["post-27","page","type-page","status-publish","hentry","entry"],"yoast_head":"<!-- This site is optimized with the Yoast SEO plugin v21.9.1 - https:\/\/yoast.com\/wordpress\/plugins\/seo\/ -->\n<title>Sm\u00f8remidler -<\/title>\n<meta name=\"robots\" content=\"index, follow, max-snippet:-1, max-image-preview:large, max-video-preview:-1\" \/>\n<link rel=\"canonical\" href=\"https:\/\/www.helgeland-oljeservice.no\/?page_id=27\" \/>\n<meta property=\"og:locale\" content=\"nb_NO\" \/>\n<meta property=\"og:type\" content=\"article\" \/>\n<meta property=\"og:title\" content=\"Sm\u00f8remidler -\" \/>\n<meta property=\"og:description\" content=\"Helgeland Oljeservice er import\u00f8r av Motul sm\u00f8remidler til Norge. Vi lagerf\u00f8rer oljeprodukter fra Motul og Texaco FINN RETT OLJE TIL DITT KJ\u00d8RET\u00d8Y: \u00a0 \u00a0 \u00a0 \u00a0 \u00a0 \u00a0 \u00a0 \u00a0 \u00a0 \u00a0 \u00a0 Continue reading &ldquo;Sm\u00f8remidler&rdquo;&hellip;\" \/>\n<meta property=\"og:url\" content=\"https:\/\/www.helgeland-oljeservice.no\/?page_id=27\" \/>\n<meta property=\"article:modified_time\" content=\"2025-02-28T13:06:37+00:00\" \/>\n<meta property=\"og:image\" content=\"http:\/\/www.helgeland-oljeservice.no\/wp-content\/uploads\/2019\/07\/produktbilde-1024x576.jpg\" \/>\n<meta name=\"twitter:card\" content=\"summary_large_image\" \/>\n<meta name=\"twitter:label1\" content=\"Ansl. lesetid\" \/>\n\t<meta name=\"twitter:data1\" content=\"2 minutter\" \/>\n<script type=\"application\/ld+json\" class=\"yoast-schema-graph\">{\"@context\":\"https:\/\/schema.org\",\"@graph\":[{\"@type\":\"WebPage\",\"@id\":\"https:\/\/www.helgeland-oljeservice.no\/?page_id=27\",\"url\":\"https:\/\/www.helgeland-oljeservice.no\/?page_id=27\",\"name\":\"Sm\u00f8remidler -\",\"isPartOf\":{\"@id\":\"https:\/\/www.helgeland-oljeservice.no\/#website\"},\"datePublished\":\"2014-11-13T08:58:09+00:00\",\"dateModified\":\"2025-02-28T13:06:37+00:00\",\"breadcrumb\":{\"@id\":\"https:\/\/www.helgeland-oljeservice.no\/?page_id=27#breadcrumb\"},\"inLanguage\":\"nb-NO\",\"potentialAction\":[{\"@type\":\"ReadAction\",\"target\":[\"https:\/\/www.helgeland-oljeservice.no\/?page_id=27\"]}]},{\"@type\":\"BreadcrumbList\",\"@id\":\"https:\/\/www.helgeland-oljeservice.no\/?page_id=27#breadcrumb\",\"itemListElement\":[{\"@type\":\"ListItem\",\"position\":1,\"name\":\"Hjem\",\"item\":\"https:\/\/www.helgeland-oljeservice.no\/\"},{\"@type\":\"ListItem\",\"position\":2,\"name\":\"Produkter\",\"item\":\"https:\/\/www.helgeland-oljeservice.no\/?page_id=283\"},{\"@type\":\"ListItem\",\"position\":3,\"name\":\"Sm\u00f8remidler\"}]},{\"@type\":\"WebSite\",\"@id\":\"https:\/\/www.helgeland-oljeservice.no\/#website\",\"url\":\"https:\/\/www.helgeland-oljeservice.no\/\",\"name\":\"\",\"description\":\"\",\"potentialAction\":[{\"@type\":\"SearchAction\",\"target\":{\"@type\":\"EntryPoint\",\"urlTemplate\":\"https:\/\/www.helgeland-oljeservice.no\/?s={search_term_string}\"},\"query-input\":\"required name=search_term_string\"}],\"inLanguage\":\"nb-NO\"}]}<\/script>\n<!-- \/ Yoast SEO plugin. -->","yoast_head_json":{"title":"Sm\u00f8remidler -","robots":{"index":"index","follow":"follow","max-snippet":"max-snippet:-1","max-image-preview":"max-image-preview:large","max-video-preview":"max-video-preview:-1"},"canonical":"https:\/\/www.helgeland-oljeservice.no\/?page_id=27","og_locale":"nb_NO","og_type":"article","og_title":"Sm\u00f8remidler -","og_description":"Helgeland Oljeservice er import\u00f8r av Motul sm\u00f8remidler til Norge. Vi lagerf\u00f8rer oljeprodukter fra Motul og Texaco FINN RETT OLJE TIL DITT KJ\u00d8RET\u00d8Y: \u00a0 \u00a0 \u00a0 \u00a0 \u00a0 \u00a0 \u00a0 \u00a0 \u00a0 \u00a0 \u00a0 Continue reading &ldquo;Sm\u00f8remidler&rdquo;&hellip;","og_url":"https:\/\/www.helgeland-oljeservice.no\/?page_id=27","article_modified_time":"2025-02-28T13:06:37+00:00","og_image":[{"url":"http:\/\/www.helgeland-oljeservice.no\/wp-content\/uploads\/2019\/07\/produktbilde-1024x576.jpg"}],"twitter_card":"summary_large_image","twitter_misc":{"Ansl. lesetid":"2 minutter"},"schema":{"@context":"https:\/\/schema.org","@graph":[{"@type":"WebPage","@id":"https:\/\/www.helgeland-oljeservice.no\/?page_id=27","url":"https:\/\/www.helgeland-oljeservice.no\/?page_id=27","name":"Sm\u00f8remidler -","isPartOf":{"@id":"https:\/\/www.helgeland-oljeservice.no\/#website"},"datePublished":"2014-11-13T08:58:09+00:00","dateModified":"2025-02-28T13:06:37+00:00","breadcrumb":{"@id":"https:\/\/www.helgeland-oljeservice.no\/?page_id=27#breadcrumb"},"inLanguage":"nb-NO","potentialAction":[{"@type":"ReadAction","target":["https:\/\/www.helgeland-oljeservice.no\/?page_id=27"]}]},{"@type":"BreadcrumbList","@id":"https:\/\/www.helgeland-oljeservice.no\/?page_id=27#breadcrumb","itemListElement":[{"@type":"ListItem","position":1,"name":"Hjem","item":"https:\/\/www.helgeland-oljeservice.no\/"},{"@type":"ListItem","position":2,"name":"Produkter","item":"https:\/\/www.helgeland-oljeservice.no\/?page_id=283"},{"@type":"ListItem","position":3,"name":"Sm\u00f8remidler"}]},{"@type":"WebSite","@id":"https:\/\/www.helgeland-oljeservice.no\/#website","url":"https:\/\/www.helgeland-oljeservice.no\/","name":"","description":"","potentialAction":[{"@type":"SearchAction","target":{"@type":"EntryPoint","urlTemplate":"https:\/\/www.helgeland-oljeservice.no\/?s={search_term_string}"},"query-input":"required name=search_term_string"}],"inLanguage":"nb-NO"}]}},"_links":{"self":[{"href":"https:\/\/www.helgeland-oljeservice.no\/index.php?rest_route=\/wp\/v2\/pages\/27","targetHints":{"allow":["GET"]}}],"collection":[{"href":"https:\/\/www.helgeland-oljeservice.no\/index.php?rest_route=\/wp\/v2\/pages"}],"about":[{"href":"https:\/\/www.helgeland-oljeservice.no\/index.php?rest_route=\/wp\/v2\/types\/page"}],"author":[{"embeddable":true,"href":"https:\/\/www.helgeland-oljeservice.no\/index.php?rest_route=\/wp\/v2\/users\/7"}],"replies":[{"embeddable":true,"href":"https:\/\/www.helgeland-oljeservice.no\/index.php?rest_route=%2Fwp%2Fv2%2Fcomments&post=27"}],"version-history":[{"count":39,"href":"https:\/\/www.helgeland-oljeservice.no\/index.php?rest_route=\/wp\/v2\/pages\/27\/revisions"}],"predecessor-version":[{"id":46398,"href":"https:\/\/www.helgeland-oljeservice.no\/index.php?rest_route=\/wp\/v2\/pages\/27\/revisions\/46398"}],"up":[{"embeddable":true,"href":"https:\/\/www.helgeland-oljeservice.no\/index.php?rest_route=\/wp\/v2\/pages\/283"}],"wp:attachment":[{"href":"https:\/\/www.helgeland-oljeservice.no\/index.php?rest_route=%2Fwp%2Fv2%2Fmedia&parent=27"}],"curies":[{"name":"wp","href":"https:\/\/api.w.org\/{rel}","templated":true}]}}