{"id":400,"date":"2019-09-18T21:24:42","date_gmt":"2019-09-18T19:24:42","guid":{"rendered":"http:\/\/www.helgeland-oljeservice.no\/?page_id=400"},"modified":"2019-09-19T14:37:43","modified_gmt":"2019-09-19T12:37:43","slug":"hvo-100-diesel","status":"publish","type":"page","link":"https:\/\/www.helgeland-oljeservice.no\/?page_id=400","title":{"rendered":"HVO 100 Diesel"},"content":{"rendered":"<p>HVO 100 Diesel er et biobasert drivstoff utelukkende basert p\u00e5 fornybare r\u00e5varer som vegetabilske oljer og animalsk fett. HVO fremstilles ved at r\u00e5stoffene behandles med hydrogengass og danner en syntetisk diesel.<\/p>\n<p>HVO reduserer klimagassutslippene med ca 74% sammenlignet med fossil diesel.<\/p>\n<p>HVO kan i utgangspunktet brukes i alle typer dieselmotorer. Produktet er i sin kjemiske oppbygning stort sett identisk med fossil diesel, men siden gjeldende dieselstandard ikke helt oppfylles, kreves det godkjenning fra motorprodusenten.<br>\nDe fleste bilprodusentene for tungtrafikk har godkjent bruk av ren HVO i sine motorer.<\/p>\n\n\n<ul class=\"wp-block-list\"><li><a href=\"http:\/\/www.helgeland-oljeservice.no\/wp-content\/uploads\/2019\/09\/Produktblad_HVO.pdf\">Produktdatablad<\/a><\/li><li><a href=\"http:\/\/www.helgeland-oljeservice.no\/wp-content\/uploads\/2019\/09\/Sa\u0308kerhetsdatablad_HVO.pdf\">Sikkerhetsdatablad<\/a><\/li><\/ul>\n\n\n\n<p><\/p>\n","protected":false},"excerpt":{"rendered":"<div class=\"entry-summary\">\n<div class=\"entry-summary\">\nHVO 100 Diesel er et biobasert drivstoff utelukkende basert p\u00e5 fornybare r\u00e5varer som vegetabilske oljer og animalsk fett. HVO fremstilles ved at r\u00e5stoffene behandles med hydrogengass og danner en syntetisk diesel. HVO reduserer klimagassutslippene med ca 74% sammenlignet med fossil&hellip;\n<\/div>\n<div class=\"link-more\"><a href=\"https:\/\/www.helgeland-oljeservice.no\/?page_id=400\" class=\"more-link\">Continue reading<span class=\"screen-reader-text\"> &ldquo;HVO 100 Diesel&rdquo;<\/span>&hellip;<\/a><\/div>\n<\/div>\n<div class=\"link-more\"><a href=\"https:\/\/www.helgeland-oljeservice.no\/?page_id=400\" class=\"more-link\">Continue reading<span class=\"screen-reader-text\"> &ldquo;HVO 100 Diesel&rdquo;<\/span>&hellip;<\/a><\/div>\n","protected":false},"author":7,"featured_media":0,"parent":324,"menu_order":0,"comment_status":"closed","ping_status":"closed","template":"","meta":{"footnotes":""},"class_list":["post-400","page","type-page","status-publish","hentry","entry"],"yoast_head":"<!-- This site is optimized with the Yoast SEO plugin v21.9.1 - https:\/\/yoast.com\/wordpress\/plugins\/seo\/ -->\n<title>HVO 100 Diesel -<\/title>\n<meta name=\"robots\" content=\"index, follow, max-snippet:-1, max-image-preview:large, max-video-preview:-1\" \/>\n<link rel=\"canonical\" href=\"https:\/\/www.helgeland-oljeservice.no\/?page_id=400\" \/>\n<meta property=\"og:locale\" content=\"nb_NO\" \/>\n<meta property=\"og:type\" content=\"article\" \/>\n<meta property=\"og:title\" content=\"HVO 100 Diesel -\" \/>\n<meta property=\"og:description\" content=\"HVO 100 Diesel er et biobasert drivstoff utelukkende basert p\u00e5 fornybare r\u00e5varer som vegetabilske oljer og animalsk fett. HVO fremstilles ved at r\u00e5stoffene behandles med hydrogengass og danner en syntetisk diesel. HVO reduserer klimagassutslippene med ca 74% sammenlignet med fossil&hellip; Continue reading &ldquo;HVO 100 Diesel&rdquo;&hellip;\" \/>\n<meta property=\"og:url\" content=\"https:\/\/www.helgeland-oljeservice.no\/?page_id=400\" \/>\n<meta property=\"article:modified_time\" content=\"2019-09-19T12:37:43+00:00\" \/>\n<meta name=\"twitter:card\" content=\"summary_large_image\" \/>\n<script type=\"application\/ld+json\" class=\"yoast-schema-graph\">{\"@context\":\"https:\/\/schema.org\",\"@graph\":[{\"@type\":\"WebPage\",\"@id\":\"https:\/\/www.helgeland-oljeservice.no\/?page_id=400\",\"url\":\"https:\/\/www.helgeland-oljeservice.no\/?page_id=400\",\"name\":\"HVO 100 Diesel -\",\"isPartOf\":{\"@id\":\"https:\/\/www.helgeland-oljeservice.no\/#website\"},\"datePublished\":\"2019-09-18T19:24:42+00:00\",\"dateModified\":\"2019-09-19T12:37:43+00:00\",\"breadcrumb\":{\"@id\":\"https:\/\/www.helgeland-oljeservice.no\/?page_id=400#breadcrumb\"},\"inLanguage\":\"nb-NO\",\"potentialAction\":[{\"@type\":\"ReadAction\",\"target\":[\"https:\/\/www.helgeland-oljeservice.no\/?page_id=400\"]}]},{\"@type\":\"BreadcrumbList\",\"@id\":\"https:\/\/www.helgeland-oljeservice.no\/?page_id=400#breadcrumb\",\"itemListElement\":[{\"@type\":\"ListItem\",\"position\":1,\"name\":\"Hjem\",\"item\":\"https:\/\/www.helgeland-oljeservice.no\/\"},{\"@type\":\"ListItem\",\"position\":2,\"name\":\"Produkter\",\"item\":\"https:\/\/www.helgeland-oljeservice.no\/?page_id=283\"},{\"@type\":\"ListItem\",\"position\":3,\"name\":\"Drivstoff\",\"item\":\"https:\/\/www.helgeland-oljeservice.no\/?page_id=324\"},{\"@type\":\"ListItem\",\"position\":4,\"name\":\"HVO 100 Diesel\"}]},{\"@type\":\"WebSite\",\"@id\":\"https:\/\/www.helgeland-oljeservice.no\/#website\",\"url\":\"https:\/\/www.helgeland-oljeservice.no\/\",\"name\":\"\",\"description\":\"\",\"potentialAction\":[{\"@type\":\"SearchAction\",\"target\":{\"@type\":\"EntryPoint\",\"urlTemplate\":\"https:\/\/www.helgeland-oljeservice.no\/?s={search_term_string}\"},\"query-input\":\"required name=search_term_string\"}],\"inLanguage\":\"nb-NO\"}]}<\/script>\n<!-- \/ Yoast SEO plugin. -->","yoast_head_json":{"title":"HVO 100 Diesel -","robots":{"index":"index","follow":"follow","max-snippet":"max-snippet:-1","max-image-preview":"max-image-preview:large","max-video-preview":"max-video-preview:-1"},"canonical":"https:\/\/www.helgeland-oljeservice.no\/?page_id=400","og_locale":"nb_NO","og_type":"article","og_title":"HVO 100 Diesel -","og_description":"HVO 100 Diesel er et biobasert drivstoff utelukkende basert p\u00e5 fornybare r\u00e5varer som vegetabilske oljer og animalsk fett. HVO fremstilles ved at r\u00e5stoffene behandles med hydrogengass og danner en syntetisk diesel. HVO reduserer klimagassutslippene med ca 74% sammenlignet med fossil&hellip; Continue reading &ldquo;HVO 100 Diesel&rdquo;&hellip;","og_url":"https:\/\/www.helgeland-oljeservice.no\/?page_id=400","article_modified_time":"2019-09-19T12:37:43+00:00","twitter_card":"summary_large_image","schema":{"@context":"https:\/\/schema.org","@graph":[{"@type":"WebPage","@id":"https:\/\/www.helgeland-oljeservice.no\/?page_id=400","url":"https:\/\/www.helgeland-oljeservice.no\/?page_id=400","name":"HVO 100 Diesel -","isPartOf":{"@id":"https:\/\/www.helgeland-oljeservice.no\/#website"},"datePublished":"2019-09-18T19:24:42+00:00","dateModified":"2019-09-19T12:37:43+00:00","breadcrumb":{"@id":"https:\/\/www.helgeland-oljeservice.no\/?page_id=400#breadcrumb"},"inLanguage":"nb-NO","potentialAction":[{"@type":"ReadAction","target":["https:\/\/www.helgeland-oljeservice.no\/?page_id=400"]}]},{"@type":"BreadcrumbList","@id":"https:\/\/www.helgeland-oljeservice.no\/?page_id=400#breadcrumb","itemListElement":[{"@type":"ListItem","position":1,"name":"Hjem","item":"https:\/\/www.helgeland-oljeservice.no\/"},{"@type":"ListItem","position":2,"name":"Produkter","item":"https:\/\/www.helgeland-oljeservice.no\/?page_id=283"},{"@type":"ListItem","position":3,"name":"Drivstoff","item":"https:\/\/www.helgeland-oljeservice.no\/?page_id=324"},{"@type":"ListItem","position":4,"name":"HVO 100 Diesel"}]},{"@type":"WebSite","@id":"https:\/\/www.helgeland-oljeservice.no\/#website","url":"https:\/\/www.helgeland-oljeservice.no\/","name":"","description":"","potentialAction":[{"@type":"SearchAction","target":{"@type":"EntryPoint","urlTemplate":"https:\/\/www.helgeland-oljeservice.no\/?s={search_term_string}"},"query-input":"required name=search_term_string"}],"inLanguage":"nb-NO"}]}},"_links":{"self":[{"href":"https:\/\/www.helgeland-oljeservice.no\/index.php?rest_route=\/wp\/v2\/pages\/400","targetHints":{"allow":["GET"]}}],"collection":[{"href":"https:\/\/www.helgeland-oljeservice.no\/index.php?rest_route=\/wp\/v2\/pages"}],"about":[{"href":"https:\/\/www.helgeland-oljeservice.no\/index.php?rest_route=\/wp\/v2\/types\/page"}],"author":[{"embeddable":true,"href":"https:\/\/www.helgeland-oljeservice.no\/index.php?rest_route=\/wp\/v2\/users\/7"}],"replies":[{"embeddable":true,"href":"https:\/\/www.helgeland-oljeservice.no\/index.php?rest_route=%2Fwp%2Fv2%2Fcomments&post=400"}],"version-history":[{"count":3,"href":"https:\/\/www.helgeland-oljeservice.no\/index.php?rest_route=\/wp\/v2\/pages\/400\/revisions"}],"predecessor-version":[{"id":416,"href":"https:\/\/www.helgeland-oljeservice.no\/index.php?rest_route=\/wp\/v2\/pages\/400\/revisions\/416"}],"up":[{"embeddable":true,"href":"https:\/\/www.helgeland-oljeservice.no\/index.php?rest_route=\/wp\/v2\/pages\/324"}],"wp:attachment":[{"href":"https:\/\/www.helgeland-oljeservice.no\/index.php?rest_route=%2Fwp%2Fv2%2Fmedia&parent=400"}],"curies":[{"name":"wp","href":"https:\/\/api.w.org\/{rel}","templated":true}]}}