{"id":434,"date":"2019-09-30T10:14:21","date_gmt":"2019-09-30T08:14:21","guid":{"rendered":"http:\/\/www.helgeland-oljeservice.no\/?page_id=434"},"modified":"2019-10-03T09:14:25","modified_gmt":"2019-10-03T07:14:25","slug":"farget-diesel","status":"publish","type":"page","link":"https:\/\/www.helgeland-oljeservice.no\/?page_id=434","title":{"rendered":"Farget Diesel"},"content":{"rendered":"\n<p>Farget Diesel er tilgjengelig p\u00e5 v\u00e5rt truckanlegg p\u00e5 baksiden av bygget.<\/p>\n\n\n\n<p><strong>Vi leverer! Kontakt oss for pristilbud!<\/strong><\/p>\n","protected":false},"excerpt":{"rendered":"<div class=\"entry-summary\">\n<div class=\"entry-summary\">\nFarget Diesel er tilgjengelig p\u00e5 v\u00e5rt truckanlegg p\u00e5 baksiden av bygget. Vi leverer! Kontakt oss for pristilbud!\n<\/div>\n<div class=\"link-more\"><a href=\"https:\/\/www.helgeland-oljeservice.no\/?page_id=434\" class=\"more-link\">Continue reading<span class=\"screen-reader-text\"> &ldquo;Farget Diesel&rdquo;<\/span>&hellip;<\/a><\/div>\n<\/div>\n<div class=\"link-more\"><a href=\"https:\/\/www.helgeland-oljeservice.no\/?page_id=434\" class=\"more-link\">Continue reading<span class=\"screen-reader-text\"> &ldquo;Farget Diesel&rdquo;<\/span>&hellip;<\/a><\/div>\n","protected":false},"author":7,"featured_media":0,"parent":324,"menu_order":0,"comment_status":"closed","ping_status":"closed","template":"","meta":{"footnotes":""},"class_list":["post-434","page","type-page","status-publish","hentry","entry"],"yoast_head":"<!-- This site is optimized with the Yoast SEO plugin v21.9.1 - https:\/\/yoast.com\/wordpress\/plugins\/seo\/ -->\n<title>Farget Diesel -<\/title>\n<meta name=\"robots\" content=\"index, follow, max-snippet:-1, max-image-preview:large, max-video-preview:-1\" \/>\n<link rel=\"canonical\" href=\"https:\/\/www.helgeland-oljeservice.no\/?page_id=434\" \/>\n<meta property=\"og:locale\" content=\"nb_NO\" \/>\n<meta property=\"og:type\" content=\"article\" \/>\n<meta property=\"og:title\" content=\"Farget Diesel -\" \/>\n<meta property=\"og:description\" content=\"Farget Diesel er tilgjengelig p\u00e5 v\u00e5rt truckanlegg p\u00e5 baksiden av bygget. Vi leverer! Kontakt oss for pristilbud! Continue reading &ldquo;Farget Diesel&rdquo;&hellip;\" \/>\n<meta property=\"og:url\" content=\"https:\/\/www.helgeland-oljeservice.no\/?page_id=434\" \/>\n<meta property=\"article:modified_time\" content=\"2019-10-03T07:14:25+00:00\" \/>\n<meta name=\"twitter:card\" content=\"summary_large_image\" \/>\n<script type=\"application\/ld+json\" class=\"yoast-schema-graph\">{\"@context\":\"https:\/\/schema.org\",\"@graph\":[{\"@type\":\"WebPage\",\"@id\":\"https:\/\/www.helgeland-oljeservice.no\/?page_id=434\",\"url\":\"https:\/\/www.helgeland-oljeservice.no\/?page_id=434\",\"name\":\"Farget Diesel -\",\"isPartOf\":{\"@id\":\"https:\/\/www.helgeland-oljeservice.no\/#website\"},\"datePublished\":\"2019-09-30T08:14:21+00:00\",\"dateModified\":\"2019-10-03T07:14:25+00:00\",\"breadcrumb\":{\"@id\":\"https:\/\/www.helgeland-oljeservice.no\/?page_id=434#breadcrumb\"},\"inLanguage\":\"nb-NO\",\"potentialAction\":[{\"@type\":\"ReadAction\",\"target\":[\"https:\/\/www.helgeland-oljeservice.no\/?page_id=434\"]}]},{\"@type\":\"BreadcrumbList\",\"@id\":\"https:\/\/www.helgeland-oljeservice.no\/?page_id=434#breadcrumb\",\"itemListElement\":[{\"@type\":\"ListItem\",\"position\":1,\"name\":\"Hjem\",\"item\":\"https:\/\/www.helgeland-oljeservice.no\/\"},{\"@type\":\"ListItem\",\"position\":2,\"name\":\"Produkter\",\"item\":\"https:\/\/www.helgeland-oljeservice.no\/?page_id=283\"},{\"@type\":\"ListItem\",\"position\":3,\"name\":\"Drivstoff\",\"item\":\"https:\/\/www.helgeland-oljeservice.no\/?page_id=324\"},{\"@type\":\"ListItem\",\"position\":4,\"name\":\"Farget Diesel\"}]},{\"@type\":\"WebSite\",\"@id\":\"https:\/\/www.helgeland-oljeservice.no\/#website\",\"url\":\"https:\/\/www.helgeland-oljeservice.no\/\",\"name\":\"\",\"description\":\"\",\"potentialAction\":[{\"@type\":\"SearchAction\",\"target\":{\"@type\":\"EntryPoint\",\"urlTemplate\":\"https:\/\/www.helgeland-oljeservice.no\/?s={search_term_string}\"},\"query-input\":\"required name=search_term_string\"}],\"inLanguage\":\"nb-NO\"}]}<\/script>\n<!-- \/ Yoast SEO plugin. -->","yoast_head_json":{"title":"Farget Diesel -","robots":{"index":"index","follow":"follow","max-snippet":"max-snippet:-1","max-image-preview":"max-image-preview:large","max-video-preview":"max-video-preview:-1"},"canonical":"https:\/\/www.helgeland-oljeservice.no\/?page_id=434","og_locale":"nb_NO","og_type":"article","og_title":"Farget Diesel -","og_description":"Farget Diesel er tilgjengelig p\u00e5 v\u00e5rt truckanlegg p\u00e5 baksiden av bygget. Vi leverer! Kontakt oss for pristilbud! Continue reading &ldquo;Farget Diesel&rdquo;&hellip;","og_url":"https:\/\/www.helgeland-oljeservice.no\/?page_id=434","article_modified_time":"2019-10-03T07:14:25+00:00","twitter_card":"summary_large_image","schema":{"@context":"https:\/\/schema.org","@graph":[{"@type":"WebPage","@id":"https:\/\/www.helgeland-oljeservice.no\/?page_id=434","url":"https:\/\/www.helgeland-oljeservice.no\/?page_id=434","name":"Farget Diesel -","isPartOf":{"@id":"https:\/\/www.helgeland-oljeservice.no\/#website"},"datePublished":"2019-09-30T08:14:21+00:00","dateModified":"2019-10-03T07:14:25+00:00","breadcrumb":{"@id":"https:\/\/www.helgeland-oljeservice.no\/?page_id=434#breadcrumb"},"inLanguage":"nb-NO","potentialAction":[{"@type":"ReadAction","target":["https:\/\/www.helgeland-oljeservice.no\/?page_id=434"]}]},{"@type":"BreadcrumbList","@id":"https:\/\/www.helgeland-oljeservice.no\/?page_id=434#breadcrumb","itemListElement":[{"@type":"ListItem","position":1,"name":"Hjem","item":"https:\/\/www.helgeland-oljeservice.no\/"},{"@type":"ListItem","position":2,"name":"Produkter","item":"https:\/\/www.helgeland-oljeservice.no\/?page_id=283"},{"@type":"ListItem","position":3,"name":"Drivstoff","item":"https:\/\/www.helgeland-oljeservice.no\/?page_id=324"},{"@type":"ListItem","position":4,"name":"Farget Diesel"}]},{"@type":"WebSite","@id":"https:\/\/www.helgeland-oljeservice.no\/#website","url":"https:\/\/www.helgeland-oljeservice.no\/","name":"","description":"","potentialAction":[{"@type":"SearchAction","target":{"@type":"EntryPoint","urlTemplate":"https:\/\/www.helgeland-oljeservice.no\/?s={search_term_string}"},"query-input":"required name=search_term_string"}],"inLanguage":"nb-NO"}]}},"_links":{"self":[{"href":"https:\/\/www.helgeland-oljeservice.no\/index.php?rest_route=\/wp\/v2\/pages\/434","targetHints":{"allow":["GET"]}}],"collection":[{"href":"https:\/\/www.helgeland-oljeservice.no\/index.php?rest_route=\/wp\/v2\/pages"}],"about":[{"href":"https:\/\/www.helgeland-oljeservice.no\/index.php?rest_route=\/wp\/v2\/types\/page"}],"author":[{"embeddable":true,"href":"https:\/\/www.helgeland-oljeservice.no\/index.php?rest_route=\/wp\/v2\/users\/7"}],"replies":[{"embeddable":true,"href":"https:\/\/www.helgeland-oljeservice.no\/index.php?rest_route=%2Fwp%2Fv2%2Fcomments&post=434"}],"version-history":[{"count":4,"href":"https:\/\/www.helgeland-oljeservice.no\/index.php?rest_route=\/wp\/v2\/pages\/434\/revisions"}],"predecessor-version":[{"id":445,"href":"https:\/\/www.helgeland-oljeservice.no\/index.php?rest_route=\/wp\/v2\/pages\/434\/revisions\/445"}],"up":[{"embeddable":true,"href":"https:\/\/www.helgeland-oljeservice.no\/index.php?rest_route=\/wp\/v2\/pages\/324"}],"wp:attachment":[{"href":"https:\/\/www.helgeland-oljeservice.no\/index.php?rest_route=%2Fwp%2Fv2%2Fmedia&parent=434"}],"curies":[{"name":"wp","href":"https:\/\/api.w.org\/{rel}","templated":true}]}}